{"id":2600,"date":"2022-09-05T11:32:54","date_gmt":"2022-09-05T09:32:54","guid":{"rendered":"https:\/\/meta-yachts.com\/en\/?post_type=adventurers&#038;p=2600"},"modified":"2022-09-05T11:34:19","modified_gmt":"2022-09-05T09:34:19","slug":"escondida-a-la-corto-maltese","status":"publish","type":"adventurers","link":"https:\/\/meta-yachts.com\/en\/adventurers\/escondida-a-la-corto-maltese\/","title":{"rendered":"ESCONDIDA, \u00e0 la Corto Malt\u00e8se&#8230;"},"content":{"rendered":"<p>&#8220;La mer, \u00e0 la voile ou en plong\u00e9e, ce n\u2019est qu\u2019une seule passion!&#8221;<\/p>\n","protected":false},"featured_media":2601,"template":"","class_list":["post-2600","adventurers","type-adventurers","status-publish","has-post-thumbnail","hentry"],"acf":[],"yoast_head":"<!-- This site is optimized with the Yoast SEO plugin v27.5 - https:\/\/yoast.com\/product\/yoast-seo-wordpress\/ -->\n<title>ESCONDIDA, \u00e0 la Corto Malt\u00e8se...<\/title>\n<meta name=\"robots\" content=\"index, follow, max-snippet:-1, max-image-preview:large, max-video-preview:-1\" \/>\n<link rel=\"canonical\" href=\"https:\/\/meta-yachts.com\/en\/adventurers\/escondida-a-la-corto-maltese\/\" \/>\n<meta property=\"og:locale\" content=\"en_GB\" \/>\n<meta property=\"og:locale:alternate\" content=\"fr_FR\" \/>\n<meta property=\"og:type\" content=\"article\" \/>\n<meta property=\"og:title\" content=\"ESCONDIDA, \u00e0 la Corto Malt\u00e8se...\" \/>\n<meta property=\"og:description\" content=\"&#8220;La mer, \u00e0 la voile ou en plong\u00e9e, ce n\u2019est qu\u2019une seule passion!&#8221;\" \/>\n<meta property=\"og:url\" content=\"https:\/\/meta-yachts.com\/en\/adventurers\/escondida-a-la-corto-maltese\/\" \/>\n<meta property=\"og:site_name\" content=\"META Yachts\" \/>\n<meta property=\"article:publisher\" content=\"https:\/\/www.facebook.com\/metachantiernaval\/\" \/>\n<meta property=\"article:modified_time\" content=\"2022-09-05T09:34:19+00:00\" \/>\n<meta property=\"og:image\" content=\"https:\/\/meta-yachts.com\/wp-content\/uploads\/2022\/09\/escondida_Argo_Olivier-Merbeau_META-Yachts-Chantier-Naval_\u00a9Bruno-Treca.jpg\" \/>\n\t<meta property=\"og:image:width\" content=\"960\" \/>\n\t<meta property=\"og:image:height\" content=\"640\" \/>\n\t<meta property=\"og:image:type\" content=\"image\/jpeg\" \/>\n<meta name=\"twitter:card\" content=\"summary_large_image\" \/>\n<meta name=\"twitter:label1\" content=\"Estimated reading time\" \/>\n\t<meta name=\"twitter:data1\" content=\"1 minute\" \/>\n<script type=\"application\/ld+json\" class=\"yoast-schema-graph\">{\"@context\":\"https:\\\/\\\/schema.org\",\"@graph\":[{\"@type\":\"WebPage\",\"@id\":\"https:\\\/\\\/meta-yachts.com\\\/adventurers\\\/escondida-a-la-corto-maltese\\\/\",\"url\":\"https:\\\/\\\/meta-yachts.com\\\/adventurers\\\/escondida-a-la-corto-maltese\\\/\",\"name\":\"ESCONDIDA, \u00e0 la Corto Malt\u00e8se...\",\"isPartOf\":{\"@id\":\"https:\\\/\\\/meta-yachts.com\\\/#website\"},\"primaryImageOfPage\":{\"@id\":\"https:\\\/\\\/meta-yachts.com\\\/adventurers\\\/escondida-a-la-corto-maltese\\\/#primaryimage\"},\"image\":{\"@id\":\"https:\\\/\\\/meta-yachts.com\\\/adventurers\\\/escondida-a-la-corto-maltese\\\/#primaryimage\"},\"thumbnailUrl\":\"https:\\\/\\\/meta-yachts.com\\\/wp-content\\\/uploads\\\/2022\\\/09\\\/escondida_Argo_Olivier-Merbeau_META-Yachts-Chantier-Naval_\u00a9Bruno-Treca.jpg\",\"datePublished\":\"2022-09-05T09:32:54+00:00\",\"dateModified\":\"2022-09-05T09:34:19+00:00\",\"breadcrumb\":{\"@id\":\"https:\\\/\\\/meta-yachts.com\\\/adventurers\\\/escondida-a-la-corto-maltese\\\/#breadcrumb\"},\"inLanguage\":\"en-GB\",\"potentialAction\":[{\"@type\":\"ReadAction\",\"target\":[\"https:\\\/\\\/meta-yachts.com\\\/adventurers\\\/escondida-a-la-corto-maltese\\\/\"]}]},{\"@type\":\"ImageObject\",\"inLanguage\":\"en-GB\",\"@id\":\"https:\\\/\\\/meta-yachts.com\\\/adventurers\\\/escondida-a-la-corto-maltese\\\/#primaryimage\",\"url\":\"https:\\\/\\\/meta-yachts.com\\\/wp-content\\\/uploads\\\/2022\\\/09\\\/escondida_Argo_Olivier-Merbeau_META-Yachts-Chantier-Naval_\u00a9Bruno-Treca.jpg\",\"contentUrl\":\"https:\\\/\\\/meta-yachts.com\\\/wp-content\\\/uploads\\\/2022\\\/09\\\/escondida_Argo_Olivier-Merbeau_META-Yachts-Chantier-Naval_\u00a9Bruno-Treca.jpg\",\"width\":960,\"height\":640},{\"@type\":\"BreadcrumbList\",\"@id\":\"https:\\\/\\\/meta-yachts.com\\\/adventurers\\\/escondida-a-la-corto-maltese\\\/#breadcrumb\",\"itemListElement\":[{\"@type\":\"ListItem\",\"position\":1,\"name\":\"Accueil\",\"item\":\"https:\\\/\\\/meta-yachts.com\\\/en\\\/\"},{\"@type\":\"ListItem\",\"position\":2,\"name\":\"Aventuriers\",\"item\":\"https:\\\/\\\/meta-yachts.com\\\/adventurers\\\/\"},{\"@type\":\"ListItem\",\"position\":3,\"name\":\"ESCONDIDA, \u00e0 la Corto Malt\u00e8se&#8230;\"}]},{\"@type\":\"WebSite\",\"@id\":\"https:\\\/\\\/meta-yachts.com\\\/#website\",\"url\":\"https:\\\/\\\/meta-yachts.com\\\/\",\"name\":\"META Yachts\",\"description\":\"ALUMINUM BLUEWATER & EXPEDITION BOATS\",\"publisher\":{\"@id\":\"https:\\\/\\\/meta-yachts.com\\\/#organization\"},\"potentialAction\":[{\"@type\":\"SearchAction\",\"target\":{\"@type\":\"EntryPoint\",\"urlTemplate\":\"https:\\\/\\\/meta-yachts.com\\\/?s={search_term_string}\"},\"query-input\":{\"@type\":\"PropertyValueSpecification\",\"valueRequired\":true,\"valueName\":\"search_term_string\"}}],\"inLanguage\":\"en-GB\"},{\"@type\":\"Organization\",\"@id\":\"https:\\\/\\\/meta-yachts.com\\\/#organization\",\"name\":\"META Yachts\",\"url\":\"https:\\\/\\\/meta-yachts.com\\\/\",\"logo\":{\"@type\":\"ImageObject\",\"inLanguage\":\"en-GB\",\"@id\":\"https:\\\/\\\/meta-yachts.com\\\/#\\\/schema\\\/logo\\\/image\\\/\",\"url\":\"https:\\\/\\\/meta-yachts.com\\\/wp-content\\\/uploads\\\/2022\\\/11\\\/META-Yachts-Chantier-Naval.png\",\"contentUrl\":\"https:\\\/\\\/meta-yachts.com\\\/wp-content\\\/uploads\\\/2022\\\/11\\\/META-Yachts-Chantier-Naval.png\",\"width\":556,\"height\":462,\"caption\":\"META Yachts\"},\"image\":{\"@id\":\"https:\\\/\\\/meta-yachts.com\\\/#\\\/schema\\\/logo\\\/image\\\/\"},\"sameAs\":[\"https:\\\/\\\/www.facebook.com\\\/metachantiernaval\\\/\",\"https:\\\/\\\/www.instagram.com\\\/metayachts\\\/\",\"https:\\\/\\\/www.linkedin.com\\\/company\\\/meta-chantier-naval\\\/\",\"https:\\\/\\\/www.youtube.com\\\/channel\\\/UCHmspre7fhbBwugPzMCQqzw\"]}]}<\/script>\n<!-- \/ Yoast SEO plugin. -->","yoast_head_json":{"title":"ESCONDIDA, \u00e0 la Corto Malt\u00e8se...","robots":{"index":"index","follow":"follow","max-snippet":"max-snippet:-1","max-image-preview":"max-image-preview:large","max-video-preview":"max-video-preview:-1"},"canonical":"https:\/\/meta-yachts.com\/en\/adventurers\/escondida-a-la-corto-maltese\/","og_locale":"en_GB","og_type":"article","og_title":"[:fr]ESCONDIDA, \u00e0 la Corto Malt\u00e8se...[:en]ESCONDIDA, \u00e0 la Corto Malt\u00e8se...[:] - META Yachts","og_description":"&#8220;La mer, \u00e0 la voile ou en plong\u00e9e, ce n\u2019est qu\u2019une seule passion!&#8221;","og_url":"https:\/\/meta-yachts.com\/en\/adventurers\/escondida-a-la-corto-maltese\/","og_site_name":"META Yachts","article_publisher":"https:\/\/www.facebook.com\/metachantiernaval\/","article_modified_time":"2022-09-05T09:34:19+00:00","og_image":[{"width":960,"height":640,"url":"https:\/\/meta-yachts.com\/wp-content\/uploads\/2022\/09\/escondida_Argo_Olivier-Merbeau_META-Yachts-Chantier-Naval_\u00a9Bruno-Treca.jpg","type":"image\/jpeg"}],"twitter_card":"summary_large_image","twitter_misc":{"Estimated reading time":"1 minute"},"schema":{"@context":"https:\/\/schema.org","@graph":[{"@type":"WebPage","@id":"https:\/\/meta-yachts.com\/adventurers\/escondida-a-la-corto-maltese\/","url":"https:\/\/meta-yachts.com\/adventurers\/escondida-a-la-corto-maltese\/","name":"ESCONDIDA, \u00e0 la Corto Malt\u00e8se...","isPartOf":{"@id":"https:\/\/meta-yachts.com\/#website"},"primaryImageOfPage":{"@id":"https:\/\/meta-yachts.com\/adventurers\/escondida-a-la-corto-maltese\/#primaryimage"},"image":{"@id":"https:\/\/meta-yachts.com\/adventurers\/escondida-a-la-corto-maltese\/#primaryimage"},"thumbnailUrl":"https:\/\/meta-yachts.com\/wp-content\/uploads\/2022\/09\/escondida_Argo_Olivier-Merbeau_META-Yachts-Chantier-Naval_\u00a9Bruno-Treca.jpg","datePublished":"2022-09-05T09:32:54+00:00","dateModified":"2022-09-05T09:34:19+00:00","breadcrumb":{"@id":"https:\/\/meta-yachts.com\/adventurers\/escondida-a-la-corto-maltese\/#breadcrumb"},"inLanguage":"en-GB","potentialAction":[{"@type":"ReadAction","target":["https:\/\/meta-yachts.com\/adventurers\/escondida-a-la-corto-maltese\/"]}]},{"@type":"ImageObject","inLanguage":"en-GB","@id":"https:\/\/meta-yachts.com\/adventurers\/escondida-a-la-corto-maltese\/#primaryimage","url":"https:\/\/meta-yachts.com\/wp-content\/uploads\/2022\/09\/escondida_Argo_Olivier-Merbeau_META-Yachts-Chantier-Naval_\u00a9Bruno-Treca.jpg","contentUrl":"https:\/\/meta-yachts.com\/wp-content\/uploads\/2022\/09\/escondida_Argo_Olivier-Merbeau_META-Yachts-Chantier-Naval_\u00a9Bruno-Treca.jpg","width":960,"height":640},{"@type":"BreadcrumbList","@id":"https:\/\/meta-yachts.com\/adventurers\/escondida-a-la-corto-maltese\/#breadcrumb","itemListElement":[{"@type":"ListItem","position":1,"name":"Accueil","item":"https:\/\/meta-yachts.com\/en\/"},{"@type":"ListItem","position":2,"name":"Aventuriers","item":"https:\/\/meta-yachts.com\/adventurers\/"},{"@type":"ListItem","position":3,"name":"ESCONDIDA, \u00e0 la Corto Malt\u00e8se&#8230;"}]},{"@type":"WebSite","@id":"https:\/\/meta-yachts.com\/#website","url":"https:\/\/meta-yachts.com\/","name":"META Yachts","description":"ALUMINUM BLUEWATER & EXPEDITION BOATS","publisher":{"@id":"https:\/\/meta-yachts.com\/#organization"},"potentialAction":[{"@type":"SearchAction","target":{"@type":"EntryPoint","urlTemplate":"https:\/\/meta-yachts.com\/?s={search_term_string}"},"query-input":{"@type":"PropertyValueSpecification","valueRequired":true,"valueName":"search_term_string"}}],"inLanguage":"en-GB"},{"@type":"Organization","@id":"https:\/\/meta-yachts.com\/#organization","name":"META Yachts","url":"https:\/\/meta-yachts.com\/","logo":{"@type":"ImageObject","inLanguage":"en-GB","@id":"https:\/\/meta-yachts.com\/#\/schema\/logo\/image\/","url":"https:\/\/meta-yachts.com\/wp-content\/uploads\/2022\/11\/META-Yachts-Chantier-Naval.png","contentUrl":"https:\/\/meta-yachts.com\/wp-content\/uploads\/2022\/11\/META-Yachts-Chantier-Naval.png","width":556,"height":462,"caption":"META Yachts"},"image":{"@id":"https:\/\/meta-yachts.com\/#\/schema\/logo\/image\/"},"sameAs":["https:\/\/www.facebook.com\/metachantiernaval\/","https:\/\/www.instagram.com\/metayachts\/","https:\/\/www.linkedin.com\/company\/meta-chantier-naval\/","https:\/\/www.youtube.com\/channel\/UCHmspre7fhbBwugPzMCQqzw"]}]}},"_links":{"self":[{"href":"https:\/\/meta-yachts.com\/en\/wp-json\/wp\/v2\/adventurers\/2600","targetHints":{"allow":["GET"]}}],"collection":[{"href":"https:\/\/meta-yachts.com\/en\/wp-json\/wp\/v2\/adventurers"}],"about":[{"href":"https:\/\/meta-yachts.com\/en\/wp-json\/wp\/v2\/types\/adventurers"}],"wp:featuredmedia":[{"embeddable":true,"href":"https:\/\/meta-yachts.com\/en\/wp-json\/wp\/v2\/media\/2601"}],"wp:attachment":[{"href":"https:\/\/meta-yachts.com\/en\/wp-json\/wp\/v2\/media?parent=2600"}],"curies":[{"name":"wp","href":"https:\/\/api.w.org\/{rel}","templated":true}]}}

ESCONDIDA, à la Corto Maltèse&#8230;

<p>&#8220;La mer, à la voile ou en plongée, ce n’est qu’une seule passion!&#8221;</p>

<!-- This site is optimized with the Yoast SEO plugin v27.5 - https://yoast.com/product/yoast-seo-wordpress/ -->
<title>ESCONDIDA, à la Corto Maltèse...</title>
<meta name="robots" content="index, follow, max-snippet:-1, max-image-preview:large, max-video-preview:-1" />
<link rel="canonical" href="https://meta-yachts.com/en/adventurers/escondida-a-la-corto-maltese/" />
<meta property="og:locale" content="en_GB" />
<meta property="og:locale:alternate" content="fr_FR" />
<meta property="og:type" content="article" />
<meta property="og:title" content="ESCONDIDA, à la Corto Maltèse..." />
<meta property="og:description" content="&#8220;La mer, à la voile ou en plongée, ce n’est qu’une seule passion!&#8221;" />
<meta property="og:url" content="https://meta-yachts.com/en/adventurers/escondida-a-la-corto-maltese/" />
<meta property="og:site_name" content="META Yachts" />
<meta property="article:publisher" content="https://www.facebook.com/metachantiernaval/" />
<meta property="article:modified_time" content="2022-09-05T09:34:19+00:00" />
<meta property="og:image" content="https://meta-yachts.com/wp-content/uploads/2022/09/escondida_Argo_Olivier-Merbeau_META-Yachts-Chantier-Naval_©Bruno-Treca.jpg" />
	<meta property="og:image:width" content="960" />
	<meta property="og:image:height" content="640" />
	<meta property="og:image:type" content="image/jpeg" />
<meta name="twitter:card" content="summary_large_image" />
<meta name="twitter:label1" content="Estimated reading time" />
	<meta name="twitter:data1" content="1 minute" />
<script type="application/ld+json" class="yoast-schema-graph">{"@context":"https:\/\/schema.org","@graph":[{"@type":"WebPage","@id":"https:\/\/meta-yachts.com\/adventurers\/escondida-a-la-corto-maltese\/","url":"https:\/\/meta-yachts.com\/adventurers\/escondida-a-la-corto-maltese\/","name":"ESCONDIDA, à la Corto Maltèse...","isPartOf":{"@id":"https:\/\/meta-yachts.com\/#website"},"primaryImageOfPage":{"@id":"https:\/\/meta-yachts.com\/adventurers\/escondida-a-la-corto-maltese\/#primaryimage"},"image":{"@id":"https:\/\/meta-yachts.com\/adventurers\/escondida-a-la-corto-maltese\/#primaryimage"},"thumbnailUrl":"https:\/\/meta-yachts.com\/wp-content\/uploads\/2022\/09\/escondida_Argo_Olivier-Merbeau_META-Yachts-Chantier-Naval_©Bruno-Treca.jpg","datePublished":"2022-09-05T09:32:54+00:00","dateModified":"2022-09-05T09:34:19+00:00","breadcrumb":{"@id":"https:\/\/meta-yachts.com\/adventurers\/escondida-a-la-corto-maltese\/#breadcrumb"},"inLanguage":"en-GB","potentialAction":[{"@type":"ReadAction","target":["https:\/\/meta-yachts.com\/adventurers\/escondida-a-la-corto-maltese\/"]}]},{"@type":"ImageObject","inLanguage":"en-GB","@id":"https:\/\/meta-yachts.com\/adventurers\/escondida-a-la-corto-maltese\/#primaryimage","url":"https:\/\/meta-yachts.com\/wp-content\/uploads\/2022\/09\/escondida_Argo_Olivier-Merbeau_META-Yachts-Chantier-Naval_©Bruno-Treca.jpg","contentUrl":"https:\/\/meta-yachts.com\/wp-content\/uploads\/2022\/09\/escondida_Argo_Olivier-Merbeau_META-Yachts-Chantier-Naval_©Bruno-Treca.jpg","width":960,"height":640},{"@type":"BreadcrumbList","@id":"https:\/\/meta-yachts.com\/adventurers\/escondida-a-la-corto-maltese\/#breadcrumb","itemListElement":[{"@type":"ListItem","position":1,"name":"Accueil","item":"https:\/\/meta-yachts.com\/en\/"},{"@type":"ListItem","position":2,"name":"Aventuriers","item":"https:\/\/meta-yachts.com\/adventurers\/"},{"@type":"ListItem","position":3,"name":"ESCONDIDA, à la Corto Maltèse&#8230;"}]},{"@type":"WebSite","@id":"https:\/\/meta-yachts.com\/#website","url":"https:\/\/meta-yachts.com\/","name":"META Yachts","description":"ALUMINUM BLUEWATER & EXPEDITION BOATS","publisher":{"@id":"https:\/\/meta-yachts.com\/#organization"},"potentialAction":[{"@type":"SearchAction","target":{"@type":"EntryPoint","urlTemplate":"https:\/\/meta-yachts.com\/?s={search_term_string}"},"query-input":{"@type":"PropertyValueSpecification","valueRequired":true,"valueName":"search_term_string"}}],"inLanguage":"en-GB"},{"@type":"Organization","@id":"https:\/\/meta-yachts.com\/#organization","name":"META Yachts","url":"https:\/\/meta-yachts.com\/","logo":{"@type":"ImageObject","inLanguage":"en-GB","@id":"https:\/\/meta-yachts.com\/#\/schema\/logo\/image\/","url":"https:\/\/meta-yachts.com\/wp-content\/uploads\/2022\/11\/META-Yachts-Chantier-Naval.png","contentUrl":"https:\/\/meta-yachts.com\/wp-content\/uploads\/2022\/11\/META-Yachts-Chantier-Naval.png","width":556,"height":462,"caption":"META Yachts"},"image":{"@id":"https:\/\/meta-yachts.com\/#\/schema\/logo\/image\/"},"sameAs":["https:\/\/www.facebook.com\/metachantiernaval\/","https:\/\/www.instagram.com\/metayachts\/","https:\/\/www.linkedin.com\/company\/meta-chantier-naval\/","https:\/\/www.youtube.com\/channel\/UCHmspre7fhbBwugPzMCQqzw"]}]}</script>
<!-- / Yoast SEO plugin. -->

ESCONDIDA, à la Corto Maltèse...

[:fr]ESCONDIDA, à la Corto Maltèse...[:en]ESCONDIDA, à la Corto Maltèse...[:] - META Yachts

&#8220;La mer, à la voile ou en plongée, ce n’est qu’une seule passion!&#8221;
